llions digit of 4011956?
4
What is the tens digit of 7107?
0
What is the tens digit of 99729?
2
What is the ten thousands digit of 14491432?
9
What is the ten thousands digit of 61393?
6
What is the hundred thousands digit of 1712756?
7
What is the ten thousands digit of 235372?
3
What is the thousands digit of 290036?
0
What is the units digit of 1503836?
6
What is the hundreds digit of 4732540?
5
What is the hundreds digit of 321768?
7
What is the hundred thousands digit of 3204409?
2
What is the ten thousands digit of 1569701?
6
What is the tens digit of 86970?
7
What is the units digit of 4109428?
8
What is the ten millions digit of 22926064?
2
What is the thousands digit of 112386?
2
What is the units digit of 3571054?
4
What is the hundred thousands digit of 8813967?
8
What is the millions digit of 13972834?
3
What is the thousands digit of 127075?
7
What is the ten thousands digit of 12741431?
4
What is the units digit of 19819738?
8
What is the ten thousands digit of 1936176?
3
What is the hundred thousands digit of 117258?
1
What is the hundred thousands digit of 5718825?
7
What is the units digit of 7788856?
6
What is the millions digit of 10379033?
0
What is the hundred thousands digit of 699422?
6
What is the tens digit of 449974?
7
What is the ten thousands digit of 13195091?
9
What is the units digit of 1771926?
6
What is the thousands digit of 206115?
6
What is the tens digit of 34008?
0
What is the hundreds digit of 533558?
5
What is the tens digit of 14720589?
8
What is the tens digit of 1657990?
9
What is the ten thousands digit of 20878?
2
What is the ten thousands digit of 1674691?
7
What is the millions digit of 25686198?
5
What is the millions digit of 4120481?
4
What is the hundred thousands digit of 317035?
3
What is the hundreds digit of 175599?
5
What is the hundreds digit of 438101?
1
What is the units digit of 28383731?
1
What is the ten thousands digit of 2471711?
7
What is the ten thousands digit of 103557?
0
What is the hundreds digit of 419131?
1
What is the tens digit of 204975?
7
What is the units digit of 647181?
1
What is the units digit of 1545112?
2
What is the hundreds digit of 651852?
8
What is the tens digit of 3458373?
7
What is the tens digit of 667582?
8
What is the millions digit of 1745576?
1
What is the hundreds digit of 1526045?
0
What is the millions digit of 2777779?
2
What is the hundred thousands digit of 6234203?
2
What is the ten thousands digit of 1530096?
3
What is the hundreds digit of 14164156?
1
What is the hundreds digit of 3465486?
4
What is the hundreds digit of 94335?
3
What is the thousands digit of 250303?
0
What is the units digit of 140311?
1
What is the hundreds digit of 38403520?
5
What is the ten thousands digit of 6896266?
9
What is the hundred thousands digit of 562909?
5
What is the ten thousands digit of 133223?
3
What is the units digit of 113691?
1
What is the millions digit of 2524732?
2
What is the units digit of 562513?
3
What is the thousands digit of 3108606?
8
What is the thousands digit of 157151?
7
What is the hundred thousands digit of 7135705?
1
What is the ten thousands digit of 201245?
0
What is the tens digit of 349455?
5
What is the units digit of 32232116?
6
What is the units digit of 674285?
5
What is the ten thousands digit of 1460123?
6
What is the thousands digit of 3056250?
6
What is the thousands digit of 3565927?
5
What is the units digit of 9335671?
1
What is the ten thousands digit of 162037?
6
What is the tens digit of 787849?
4
What is the ten thousands digit of 571120?
7
What is the thousands digit of 14645661?
5
What is the units digit of 371258?
8
What is the ten thousands digit of 25902156?
0
What is the ten thousands digit of 10498552?
9
What is the hundred thousands digit of 732544?
7
What is the units digit of 2147145?
5
What is the ten thousands digit of 94732?
9
What is the hundred thousands digit of 167442?
1
What is the thousands digit of 699264?
9
What is the hundred thousands digit of 350721?
3
What is the thousands digit of 16422949?
2
What is the millions digit of 8499079?
8
What is the ten thousands digit of 583667?
8
What is the ten thousands digit of 84685?
8
What is the thousands digit of 89596?
9
What is the tens digit of 542059?
5
What is the hundred thousands digit of 112120?
1
What is the millions digit of 7993246?
7
What is the thousands digit of 358098?
8
What is the thousands digit of 6656086?
6
What is the tens digit of 138?
3
What is the tens digit of 86804?
0
What is the hundreds digit of 2258411?
4
What is the tens digit of 686046?
4
What is the hundreds digit of 7381466?
4
What is the units digit of 330193?
3
What is the units digit of 2997243?
3
What is the ten millions digit of 10722936?
1
What is the hundred thousands digit of 562333?
5
What is the hundred thousands digit of 717066?
7
What is the thousands digit of 3246734?
6
What is the units digit of 333430?
0
What is the ten thousands digit of 24884386?
8
What is the ten millions digit of 35541408?
3
What is the tens digit of 235493?
9
What is the units digit of 35034211?
1
What is the thousands digit of 966462?
6
What is the units digit of 797735?
5
What is the millions digit of 2356133?
2
What is the hundred thousands digit of 4309234?
3
What is the ten thousands digit of 534245?
3
What is the hundred thousands digit of 1541008?
5
What is the millions digit of 21115457?
1
What is the hundreds digit of 2988883?
8
What is the ten thousands digit of 28374?
2
What is the hundred thousands digit of 491318?
4
What is the tens digit of 237980?
8
What is the hundreds digit of 56172?
1
What is the units digit of 9091601?
1
What is the ten thousands digit of 453113?
5
What is the hundreds digit of 29450833?
8
What is the tens digit of 48185?
8
What is the hundreds digit of 40638?
6
What is the units digit of 251771?
1
What is the tens digit of 875592?
9
What is the units digit of 38789299?
9
What is the millions digit of 8287474?
8
What is the millions digit of 18854827?
8
What is the millions digit of 2147868?
2
What is the tens digit of 302652?
5
What is the tens digit of 1570374?
7
What is the units digit of 98252?
2
What is the ten thousands digit of 8765103?
6
What is the ten thousands digit of 1930612?
3
What is the hundreds digit of 609082?
0
What is the tens digit of 104048?
4
What is the tens digit of 260953?
5
What is the units digit of 1214752?
2
What is the thousands digit of 20309794?
9
What is the thousands digit of 1632271?
2
What is the tens digit of 12604719?
1
What is the ten thousands digit of 22228712?
2
What is the millions digit of 1442424?
1
What is the hundred thousands digit of 18419963?
4
What is the ten thousands digit of 469812?
6
What is the hundreds digit of 250915?
9
What is the ten thousands digit of 3606881?
0
What is the thousands digit of 68978?
8
What is the hundred thousands digit of 7522063?
5
What is the hundreds digit of 6407289?
2
What is the ten thousands digit of 6175815?
7
What is the ten millions digit of 10268465?
1
What is the tens digit of 7482650?
5
What is the ten thousands digit of 26057431?
5
What is the tens digit of 3471422?
2
What is the thousands digit of 2572588?
2
What is the ten thousands digit of 1705965?
0
What is the thousands digit of 1528998?
8
What is the hundreds digit of 6337171?
1
What is the units digit of 45992?
2
What is the hundreds digit of 2381595?
5
What is the thousands digit of 3104080?
4
What is the hundred thousands digit of 279644?
2
What is the hundred thousands digit of 1711777?
7
What is the hundreds digit of 2393978?
9
What is the millions digit of 11721715?
1
What is the thousands digit of 8846660?
6
What is the hundreds digit of 735579?
5
What is the units digit of 18539935?
5
What is the thousands digit of 1897541?
7
What is the ten thousands digit of 279637?
7
What is the hundreds digit of 1244771?
7
What is the units digit of 1385176?
6
What is the thousands digit of 140764?
0
What is the hundred thousands digit of 344952?
3
What is the tens digit of 74436?
3
What is the tens digit of 8998827?
2
What is the hundred thousands digit of 494316?
4
What is the tens digit of 112968?
6
What is the millions digit of 1924733?
1
What is the tens digit of 1483592?
9
What is the hundr